 prime factors of 58430.
2, 5, 5843
List the prime factors of 1002.
2, 3, 167
What are the prime factors of 13273?
13, 1021
What are the prime factors of 2012?
2, 503
List the prime factors of 94693.
94693
What are the prime factors of 16615?
5, 3323
What are the prime factors of 158?
2, 79
What are the prime factors of 17450?
2, 5, 349
List the prime factors of 34965.
3, 5, 7, 37
List the prime factors of 192135.
3, 5, 12809
List the prime factors of 4193.
7, 599
List the prime factors of 1039.
1039
List the prime factors of 5284.
2, 1321
What are the prime factors of 1112?
2, 139
List the prime factors of 22695.
3, 5, 17, 89
List the prime factors of 800.
2, 5
What are the prime factors of 2948?
2, 11, 67
What are the prime factors of 18992?
2, 1187
List the prime factors of 57436.
2, 83, 173
What are the prime factors of 11194?
2, 29, 193
List the prime factors of 3199.
7, 457
What are the prime factors of 1235?
5, 13, 19
What are the prime factors of 3243?
3, 23, 47
What are the prime factors of 6340?
2, 5, 317
What are the prime factors of 18217?
18217
What are the prime factors of 32407?
23, 1409
List the prime factors of 11867.
11867
List the prime factors of 100027.
23, 4349
What are the prime factors of 19588?
2, 59, 83
List the prime factors of 95017.
13, 7309
What are the prime factors of 4301?
11, 17, 23
What are the prime factors of 1560?
2, 3, 5, 13
List the prime factors of 3459.
3, 1153
What are the prime factors of 57502?
2, 28751
List the prime factors of 1164.
2, 3, 97
What are the prime factors of 2331?
3, 7, 37
List the prime factors of 17359.
17359
List the prime factors of 4107.
3, 37
List the prime factors of 5470.
2, 5, 547
List the prime factors of 356.
2, 89
List the prime factors of 1990.
2, 5, 199
List the prime factors of 303.
3, 101
What are the prime factors of 1262?
2, 631
What are the prime factors of 6211?
6211
What are the prime factors of 2036?
2, 509
What are the prime factors of 7980?
2, 3, 5, 7, 19
What are the prime factors of 13293?
3, 7, 211
What are the prime factors of 3459?
3, 1153
What are the prime factors of 46?
2, 23
List the prime factors of 4547.
4547
List the prime factors of 10868.
2, 11, 13, 19
List the prime factors of 1812.
2, 3, 151
What are the prime factors of 1059?
3, 353
What are the prime factors of 3288?
2, 3, 137
What are the prime factors of 2028?
2, 3, 13
What are the prime factors of 24490?
2, 5, 31, 79
What are the prime factors of 43402?
2, 21701
List the prime factors of 1773.
3, 197
List the prime factors of 49405.
5, 41, 241
List the prime factors of 138748.
2, 34687
What are the prime factors of 12334?
2, 7, 881
List the prime factors of 43404.
2, 3, 3617
What are the prime factors of 13703?
71, 193
What are the prime factors of 13668?
2, 3, 17, 67
What are the prime factors of 987?
3, 7, 47
List the prime factors of 29935.
5, 5987
List the prime factors of 3461.
3461
What are the prime factors of 873?
3, 97
What are the prime factors of 222?
2, 3, 37
What are the prime factors of 78187?
41, 1907
What are the prime factors of 5573?
5573
List the prime factors of 49180.
2, 5, 2459
What are the prime factors of 7094?
2, 3547
What are the prime factors of 1167?
3, 389
What are the prime factors of 11690?
2, 5, 7, 167
What are the prime factors of 40955?
5, 8191
List the prime factors of 1741.
1741
What are the prime factors of 131?
131
List the prime factors of 1900.
2, 5, 19
What are the prime factors of 61667?
61667
List the prime factors of 2798.
2, 1399
List the prime factors of 15178.
2, 7589
List the prime factors of 24451.
7, 499
What are the prime factors of 85224?
2, 3, 53, 67
List the prime factors of 14660.
2, 5, 733
What are the prime factors of 43697?
37, 1181
List the prime factors of 234.
2, 3, 13
What are the prime factors of 360?
2, 3, 5
List the prime factors of 14936.
2, 1867
List the prime factors of 71508.
2, 3, 59, 101
What are the prime factors of 8891?
17, 523
List the prime factors of 1295.
5, 7, 37
List the prime factors of 3951.
3, 439
List the prime factors of 137.
137
List the prime factors of 10107.
3, 1123
List the prime factors of 512.
2
What are the prime factors of 4854?
2, 3, 809
What are the prime factors of 96?
2, 3
What are the prime factors of 9514?
2, 67, 71
What are the prime factors of 56182?
2, 7, 4013
List the prime factors of 11448.
2, 3, 53
What are the prime factors of 4058?
2, 2029
List the prime factors of 16760.
2, 5, 419
What are the prime factors of 1091?
1091
List the prime factors of 29704.
2, 47, 79
List the prime factors of 31654.
2, 7, 17, 19
List the prime factors of 31128.
2, 3, 1297
What are the prime factors of 418?
2, 11, 19
What are the prime factors of 120652?
2, 7, 31, 139
List the prime factors of 7564.
2, 31, 61
What are the prime factors of 3455?
5, 691
What are the prime factors of 5201?
7, 743
List the prime factors of 14391.
3, 13, 41
List the prime factors of 18334.
2, 89, 103
What are the prime factors of 122307?
3, 59, 691
List the prime factors of 1510.
2, 5, 151
What are the prime factors of 2338?
2, 7, 167
What are the prime factors of 3545?
5, 709
What are the prime factors of 4283?
4283
What are the prime factors of 5025?
3, 5, 67
List the prime factors of 126309.
3, 71, 593
What are the prime factors of 6670?
2, 5, 23, 29
What are the prime factors of 1064?
2, 7, 19
List the prime factors of 21348.
2, 3, 593
What are the prime factors of 98754?
2, 3, 109, 151
List the prime factors of 3783.
3, 13, 97
What are the prime factors of 6205?
5, 17, 73
List the prime factors of 29897.
7, 4271
List the prime factors of 339.
3, 113
List the prime factors of 3949.
11, 359
What are the prime factors of 51203?
51203
What are the prime factors of 38989?
127, 307
What are the prime factors of 93485?
5, 7, 2671
List the prime factors of 2627.
37, 71
List the prime factors of 225.
3, 5
List the prime factors of 1082.
2, 541
List the prime factors of 22490.
2, 5, 13, 173
List the prime factors of 4.
2
What are the prime factors of 27464?
2, 3433
What are the prime factors of 60344?
2, 19, 397
What are the prime factors of 81757?
13, 19, 331
What are the prime factors of 91082?
2, 45541
What are the prime factors of 444?
2, 3, 37
What are the prime factors of 20535?
3, 5, 37
List the prime factors of 314.
2, 157
List the prime factors of 14541.
3, 37, 131
List the prime factors of 19547.
11, 1777
What are the prime factors of 117065?
5, 13, 1801
What are the prime factors of 1243?
11, 113
What are the prime factors of 2263?
31, 73
What are the prime factors of 2872?
2, 359
What are the prime factors of 3082?
2, 23, 67
What are the prime factors of 28212?
2, 3, 2351
What are the prime factors of 9400?
2, 5, 47
What are the prime factors of 617?
617
List the prime factors of 63339.
3, 43, 491
List the prime factors of 18415.
5, 29, 127
What are the prime factors of 30456?
2, 3, 47
What are the prime factors of 29717?
29717
List the prime factors of 48803.
37, 1319
What are the prime factors of 10095?
3, 5, 673
List the prime factors of 1682.
2, 29
List the prime factors of 39232.
2, 613
List the prime factors of 1582.
2, 7, 113
List the prime factors of 1391.
13, 107
List the prime factors of 13877.
13877
What are the prime factors of 13051?
31, 421
List the prime factors of 45566.
2, 22783
What are the prime factors of 51290?
2, 5, 23, 223
What are the prime factors of 793?
13, 61
What are the prime factors of 976?
2, 61
List the prime factors of 803.
11, 73
What are the prime factors of 2015?
5, 13, 31
What are the prime factors of 1516?
2, 379
What are the prime factors of 706?
2, 353
What are the prime factors of 134476?
2, 33619
What are the prime factors of 1040?
2, 5, 13
What are the prime factors of 17190?
2, 3, 5, 191
What are the prime factors of 31778?
2, 15889
What are the prime factors of 4002?
2, 3, 23, 29
What are the prime factors of 1780?
2, 5, 89
What are the prime factors of 2296?
2, 7, 41
What are the prime factors of 1498?
2, 7, 107
List the prime factors of 23153.
13, 137
List the prime factors of 167207.
271, 617
What are the prime factors of 10189?
23, 443
List the prime factors of 5842.
2, 23, 127
List the prime factors of 3139.
43, 73
List the prime factors of 14521.
13, 1117
List the